 factor of 1012 and 8668.
44
What is the greatest common factor of 121360 and 140?
20
Calculate the greatest common divisor of 868 and 41323.
31
What is the highest common factor of 225 and 23922?
9
Calculate the highest common factor of 3378 and 1194686.
1126
What is the highest common divisor of 102 and 74154?
102
What is the highest common divisor of 594 and 9?
9
Calculate the greatest common factor of 80108 and 56.
28
What is the highest common divisor of 132650 and 700?
350
What is the highest common factor of 730 and 830?
10
What is the greatest common divisor of 38 and 894976?
38
Calculate the greatest common factor of 1 and 507093.
1
What is the highest common factor of 9248 and 16473?
289
Calculate the greatest common divisor of 4821 and 144.
3
What is the greatest common divisor of 42 and 21702?
6
Calculate the greatest common factor of 14948 and 1776.
148
What is the greatest common divisor of 5474 and 102?
34
What is the greatest common factor of 12 and 1434?
6
What is the greatest common factor of 55 and 59268?
11
What is the greatest common factor of 16935 and 375?
15
Calculate the greatest common factor of 1767 and 6789.
93
What is the greatest common divisor of 164 and 238?
2
What is the highest common divisor of 6 and 984558?
6
Calculate the greatest common factor of 276 and 695589.
69
Calculate the highest common divisor of 16224157 and 19.
19
What is the greatest common divisor of 1768 and 1374841?
221
What is the greatest common divisor of 4220 and 160?
20
Calculate the highest common factor of 11802 and 63.
21
What is the highest common divisor of 6279 and 1979817?
483
What is the greatest common factor of 61866 and 112930?
982
Calculate the highest common factor of 75 and 61995.
15
Calculate the greatest common divisor of 666286 and 158.
158
What is the highest common factor of 54 and 226314?
54
What is the highest common factor of 13452 and 486?
6
What is the greatest common factor of 261 and 55999?
29
Calculate the highest common divisor of 480437 and 177.
59
What is the greatest common factor of 482752 and 247?
19
Calculate the highest common factor of 20 and 49750.
10
What is the highest common divisor of 2704 and 2578264?
1352
Calculate the highest common factor of 1358 and 4176529.
679
Calculate the highest common factor of 371 and 3963393.
371
Calculate the greatest common factor of 105 and 18540.
15
What is the highest common divisor of 4332 and 3876?
228
What is the greatest common divisor of 155640 and 7680?
120
What is the greatest common divisor of 8875 and 26980?
355
What is the highest common divisor of 92505 and 150?
15
What is the greatest common factor of 488 and 55024?
8
What is the greatest common factor of 4120 and 100?
20
Calculate the highest common factor of 1406 and 4313.
19
What is the greatest common factor of 140 and 295225?
35
What is the highest common divisor of 34615 and 4795?
35
Calculate the highest common factor of 13650 and 98.
14
What is the greatest common divisor of 486 and 15957?
81
What is the highest common factor of 46068 and 660?
132
Calculate the highest common factor of 378 and 5701878.
126
What is the greatest common factor of 29 and 26651?
29
Calculate the greatest common divisor of 32 and 40912.
16
Calculate the highest common factor of 29183 and 847.
77
Calculate the greatest common factor of 30 and 5180685.
15
Calculate the greatest common factor of 80 and 214576.
16
What is the highest common divisor of 692535 and 1644?
411
Calculate the greatest common divisor of 9 and 13383.
9
Calculate the greatest common factor of 75 and 93025.
25
What is the highest common divisor of 2982014 and 434?
434
What is the highest common divisor of 5 and 16955?
5
Calculate the greatest common divisor of 57456 and 1656.
72
What is the highest common divisor of 4 and 2252?
4
Calculate the greatest common divisor of 4380 and 123005.
365
Calculate the greatest common divisor of 1792 and 1967.
7
Calculate the highest common divisor of 80 and 30520.
40
What is the highest common divisor of 310568 and 16?
8
Calculate the highest common factor of 907586 and 1414.
202
What is the highest common divisor of 17888 and 21504?
32
What is the greatest common divisor of 3925 and 581057?
157
Calculate the highest common factor of 24 and 1025016.
24
What is the greatest common divisor of 3632 and 777702?
454
What is the highest common divisor of 7751 and 4044?
337
What is the highest common divisor of 180 and 37500?
60
Calculate the highest common factor of 21175 and 1575.
175
What is the greatest common divisor of 55769 and 2821?
217
Calculate the highest common factor of 13 and 146263.
13
What is the highest common divisor of 1741 and 11199853?
1741
Calculate the highest common factor of 9 and 94131.
9
What is the greatest common divisor of 65626 and 342?
38
Calculate the highest common factor of 198 and 41217.
33
What is the highest common factor of 160 and 380000?
160
What is the highest common factor of 149 and 24287?
149
Calculate the highest common factor of 551700 and 5400.
900
What is the highest common divisor of 6672 and 150954?
834
What is the greatest common factor of 45 and 3263685?
15
Calculate the highest common divisor of 3216 and 2220.
12
What is the greatest common factor of 2299705 and 655?
655
What is the highest common divisor of 16 and 3772000?
16
What is the greatest common divisor of 2289 and 45381?
21
Calculate the greatest common factor of 13 and 2994836.
13
What is the highest common factor of 10 and 54880?
10
What is the greatest common divisor of 376 and 34733?
47
Calculate the greatest common factor of 1200 and 41424.
48
What is the highest common factor of 7060740 and 75?
15
Calculate the greatest common factor of 66 and 73491.
33
Calculate the highest common factor of 92611 and 185.
37
Calculate the greatest common divisor of 1308 and 13516.
436
Calculate the highest common factor of 3172 and 182.
26
Calculate the highest common divisor of 50726 and 78.
26
Calculate the greatest common factor of 3078 and 87552.
342
What is the greatest common divisor of 39980 and 80?
20
Calculate the greatest common divisor of 285334 and 28658.
1246
Calculate the greatest common factor of 775 and 1572320.
155
What is the greatest common factor of 197844 and 12?
12
Calculate the greatest common factor of 77112 and 510.
102
What is the greatest common divisor of 420758 and 26?
26
Calculate the greatest common divisor of 6264 and 238815.
783
What is the highest common divisor of 619242 and 273?
39
Calculate the highest common factor of 1369460 and 12.
4
What is the highest common divisor of 1152 and 374592?
192
Calculate the highest common divisor of 1961 and 3996.
37
What is the highest common factor of 50 and 6275?
25
Calculate the greatest common factor of 4547416 and 669.
223
Calculate the greatest common factor of 89 and 759793.
89
What is the highest common factor of 72398 and 530?
106
Calculate the highest common factor of 16676428 and 797.
797
Calculate the highest common factor of 2647302 and 12.
6
What is the highest common factor of 16268 and 5292?
196
Calculate the highest common factor of 27231 and 2784.
87
Calculate the greatest common factor of 512 and 4312.
8
What is the greatest common factor of 132355 and 4120?
515
Calculate the highest common factor of 180094 and 4346.
106
What is the highest common factor of 808 and 99586?
202
What is the highest common factor of 2121 and 243?
3
Calculate the greatest common divisor of 7752 and 5406.
102
Calculate the highest common divisor of 646 and 222946.
38
What is the greatest common factor of 345 and 13133?
23
What is the greatest common divisor of 32812 and 1092?
52
Calculate the greatest common factor of 135 and 1015.
5
Calculate the greatest common divisor of 2172 and 26832.
12
Calculate the greatest common factor of 19992 and 23304.
24
What is the highest common divisor of 14 and 320110?
14
Calculate the highest common factor of 6388 and 164.
4
Calculate the greatest common factor of 189 and 1674.
27
Calculate the greatest common factor of 1330 and 4978.
38
Calculate the highest common divisor of 98436 and 572.
52
Calculate the highest common factor of 624 and 162552.
312
Calculate the highest common factor of 938 and 61054.
1